ousands digit of 202297017?
9
What is the tens digit of 341582107?
0
What is the hundred thousands digit of 763468998?
4
What is the hundreds digit of 615748479?
4
What is the hundred thousands digit of 1220068684?
0
What is the millions digit of 1209912652?
9
What is the tens digit of 3904337174?
7
What is the ten thousands digit of 161576967?
7
What is the units digit of 325427717?
7
What is the thousands digit of 34488578?
8
What is the ten millions digit of 1232860215?
3
What is the units digit of 1011517?
7
What is the hundred millions digit of 1865447321?
8
What is the thousands digit of 5110092190?
2
What is the ten millions digit of 547775711?
4
What is the millions digit of 872148664?
2
What is the hundred thousands digit of 130659317?
6
What is the hundred millions digit of 181656719?
1
What is the units digit of 7039275?
5
What is the thousands digit of 39526753?
6
What is the ten millions digit of 825461777?
2
What is the units digit of 958785008?
8
What is the ten millions digit of 179037764?
7
What is the billions digit of 2635881907?
2
What is the hundreds digit of 66835677?
6
What is the ten thousands digit of 2608066999?
6
What is the hundreds digit of 269276151?
1
What is the billions digit of 2661674257?
2
What is the tens digit of 74229135?
3
What is the millions digit of 730187434?
0
What is the tens digit of 73915584?
8
What is the hundreds digit of 82259881?
8
What is the hundreds digit of 24420067?
0
What is the thousands digit of 520925607?
5
What is the units digit of 335712004?
4
What is the ten millions digit of 4130840100?
3
What is the millions digit of 670518537?
0
What is the millions digit of 52689057?
2
What is the thousands digit of 2907603557?
3
What is the hundred thousands digit of 129332577?
3
What is the hundred thousands digit of 315162115?
1
What is the ten millions digit of 61927986?
6
What is the ten thousands digit of 1460449789?
4
What is the hundreds digit of 162457777?
7
What is the ten thousands digit of 65097254?
9
What is the billions digit of 2069247672?
2
What is the thousands digit of 4997705?
7
What is the hundred millions digit of 758365800?
7
What is the hundred thousands digit of 111796844?
7
What is the hundreds digit of 28520134?
1
What is the ten thousands digit of 2162259?
6
What is the tens digit of 244722200?
0
What is the units digit of 1618419187?
7
What is the millions digit of 247547853?
7
What is the hundred thousands digit of 25915614?
9
What is the tens digit of 105642987?
8
What is the hundred millions digit of 101428719?
1
What is the hundred millions digit of 347394686?
3
What is the units digit of 32540038?
8
What is the ten millions digit of 214904136?
1
What is the ten millions digit of 45711305?
4
What is the hundred millions digit of 1606844010?
6
What is the millions digit of 1196523193?
6
What is the ten thousands digit of 42706580?
0
What is the millions digit of 82461635?
2
What is the hundreds digit of 166224767?
7
What is the millions digit of 801350021?
1
What is the hundred millions digit of 1393103355?
3
What is the hundred thousands digit of 109830237?
8
What is the thousands digit of 8465553?
5
What is the hundreds digit of 123918648?
6
What is the thousands digit of 1941914357?
4
What is the ten thousands digit of 280375281?
7
What is the units digit of 165987305?
5
What is the tens digit of 11368157?
5
What is the units digit of 773131765?
5
What is the units digit of 360649279?
9
What is the hundred thousands digit of 308550749?
5
What is the tens digit of 629687586?
8
What is the hundred thousands digit of 4070913?
0
What is the thousands digit of 990140598?
0
What is the units digit of 200762?
2
What is the thousands digit of 1025394977?
4
What is the units digit of 3022382422?
2
What is the hundred thousands digit of 130711473?
7
What is the hundred thousands digit of 505154457?
1
What is the hundred millions digit of 242595786?
2
What is the tens digit of 2976296521?
2
What is the millions digit of 38756568?
8
What is the millions digit of 69908460?
9
What is the thousands digit of 113755789?
5
What is the units digit of 56133293?
3
What is the hundred thousands digit of 1928208908?
2
What is the ten thousands digit of 1623698036?
9
What is the ten thousands digit of 291512043?
1
What is the millions digit of 7406037736?
6
What is the millions digit of 90949870?
0
What is the ten thousands digit of 549966212?
6
What is the hundred thousands digit of 42853603?
8
What is the ten thousands digit of 6820460484?
6
What is the units digit of 329129661?
1
What is the thousands digit of 552836240?
6
What is the tens digit of 78385109?
0
What is the ten thousands digit of 90966518?
6
What is the ten thousands digit of 365687299?
8
What is the tens digit of 62585899?
9
What is the ten thousands digit of 31726810?
2
What is the millions digit of 242908400?
2
What is the hundred thousands digit of 6594800?
5
What is the millions digit of 42241500?
2
What is the tens digit of 30944140?
4
What is the ten thousands digit of 1071659376?
5
What is the millions digit of 1295900432?
5
What is the hundreds digit of 497438114?
1
What is the ten millions digit of 77168259?
7
What is the tens digit of 6970801412?
1
What is the hundred thousands digit of 21203325?
2
What is the hundred thousands digit of 347274288?
2
What is the thousands digit of 9004693181?
3
What is the tens digit of 284023201?
0
What is the thousands digit of 27135084?
5
What is the tens digit of 2539663452?
5
What is the units digit of 3469881758?
8
What is the ten thousands digit of 2169620257?
2
What is the ten thousands digit of 3466122262?
2
What is the units digit of 526550869?
9
What is the thousands digit of 1376110589?
0
What is the thousands digit of 182884716?
4
What is the tens digit of 9494950?
5
What is the hundreds digit of 228366411?
4
What is the units digit of 413320438?
8
What is the tens digit of 3560814?
1
What is the tens digit of 1293458646?
4
What is the hundred thousands digit of 616525182?
5
What is the hundred thousands digit of 61769858?
7
What is the thousands digit of 1327634100?
4
What is the hundred thousands digit of 62718275?
7
What is the thousands digit of 1423456683?
6
What is the ten thousands digit of 4915564467?
6
What is the units digit of 21027809?
9
What is the hundreds digit of 47057523?
5
What is the millions digit of 121018253?
1
What is the thousands digit of 1217182324?
2
What is the hundreds digit of 5567675685?
6
What is the hundred thousands digit of 156937965?
9
What is the units digit of 4296731?
1
What is the tens digit of 4618797?
9
What is the hundred millions digit of 369871982?
3
What is the thousands digit of 796736009?
6
What is the ten millions digit of 523155997?
2
What is the tens digit of 6180470239?
3
What is the millions digit of 3669668744?
9
What is the thousands digit of 73339783?
9
What is the thousands digit of 8366503?
6
What is the units digit of 158665744?
4
What is the hundred thousands digit of 115571411?
5
What is the millions digit of 515301511?
5
What is the units digit of 39423452?
2
What is the hundred thousands digit of 90511571?
5
What is the units digit of 25009724?
4
What is the billions digit of 1696208706?
1
What is the millions digit of 416124709?
6
What is the ten millions digit of 37359458?
3
What is the thousands digit of 242810051?
0
What is the ten millions digit of 4249089931?
4
What is the hundreds digit of 33827837?
8
What is the units digit of 637074250?
0
What is the ten thousands digit of 1937709984?
0
What is the thousands digit of 157653885?
3
What is the hundreds digit of 87530394?
3
What is the millions digit of 1409125264?
9
What is the millions digit of 48550611?
8
What is the hundred thousands digit of 228585369?
5
What is the millions digit of 28356325?
8
What is the ten thousands digit of 7173393?
7
What is the units digit of 40057139?
9
What is the thousands digit of 791026728?
6
What is the millions digit of 40056122?
0
What is the ten millions digit of 4871685811?
7
What is the tens digit of 155152700?
0
What is the millions digit of 1572344579?
2
What is the ten millions digit of 94018022?
9
What is the hundreds digit of 424256365?
3
What is the units digit of 32717244?
4
What is the te